 what is -18a + -592?
-771
In base 2, what is -100010100 + 1?
-100010011
In base 3, what is 11 - -220021?
220102
In base 16, what is 2 + -99c?
-99a
In base 16, what is -13f1 + -5c?
-144d
In base 15, what is -209e - 4?
-20a3
In base 7, what is -1624 - -166?
-1425
In base 3, what is -1012 - 22021211?
-22100000
In base 13, what is 25c - 62?
1ca
In base 4, what is 100 - 1212200?
-1212100
In base 7, what is -304 - 121?
-425
In base 14, what is -155c - -15?
-1547
In base 7, what is 65005 - 11?
64664
In base 2, what is -111000011011001 + 100?
-111000011010101
In base 15, what is -26 + b9b?
b75
In base 9, what is 4147383 + 2?
4147385
In base 13, what is -4 + a5a0?
a599
In base 4, what is -113110 - -132033?
12323
In base 10, what is -8267 + 8?
-8259
In base 14, what is -1 - b1c1?
-b1c2
In base 10, what is 212597 + 1?
212598
In base 2, what is 100 - 10000001000011001?
-10000001000010101
In base 5, what is 13301412 + -22?
13301340
In base 2, what is -100001111100111000 - 1?
-100001111100111001
In base 6, what is 21 + -145542?
-145521
In base 2, what is 1011111000000111000101 + 1?
1011111000000111000110
In base 11, what is 27 + -21689?
-21662
In base 6, what is 24505 - 1100?
23405
In base 9, what is 82 - -11868?
12061
In base 10, what is 2 + -40061?
-40059
In base 15, what is 11ae + -8c?
1122
In base 9, what is 17 + -53767?
-53750
In base 14, what is 111 + 64?
175
In base 14, what is -d09 - 28?
-d33
In base 5, what is -12342013 - -1?
-12342012
In base 13, what is 4 - -4c812?
4c816
In base 11, what is 1264 + 0?
1264
In base 12, what is -104b - -21?
-102a
In base 11, what is -955 + 2090?
1236
In base 5, what is -43323121 + 10?
-43323111
In base 5, what is 413 - 21301?
-20333
In base 8, what is 15 + 155151?
155166
In base 2, what is 1011011101011111 - 110?
1011011101011001
In base 6, what is 5215205 - 2?
5215203
In base 14, what is 3 - -4276c?
42771
In base 3, what is -2111100 + 220?
-2110110
In base 12, what is 4 + -82a9?
-82a5
In base 10, what is -433591 + -3?
-433594
In base 10, what is 1133 + -221?
912
In base 15, what is -7de + 35?
-7a9
In base 14, what is 2c3 + -1462?
-117d
In base 12, what is 22348 - 5?
22343
In base 10, what is -1548 - -29?
-1519
In base 15, what is e - 23e?
-230
In base 2, what is 10100010111 + -1110011?
10010100100
In base 5, what is 201120011 + -3?
201120003
In base 8, what is 52 + 16432?
16504
In base 15, what is 5 - 4192?
-418c
In base 10, what is -2 - -17251?
17249
In base 7, what is -5 + -3346255?
-3346263
In base 4, what is -21 + 1121031?
1121010
In base 16, what is 3281a - -1?
3281b
In base 2, what is -10010111011100 + -1100?
-10010111101000
In base 12, what is 2a2 + -76?
228
In base 14, what is 14cc - 56?
1476
In base 11, what is -207 - 1695?
-18a1
In base 7, what is -142 - 2012?
-2154
In base 2, what is 1100 + 10100100111100001101?
10100100111100011001
In base 6, what is -25134 + -1004?
-30142
In base 9, what is -2586 + -264?
-2861
In base 13, what is -7 - -72a?
723
In base 11, what is 105981 + -5?
105977
In base 15, what is -4c + -1447?
-1494
In base 6, what is 0 - 3413040?
-3413040
In base 11, what is -849a - -2a?
-8470
In base 9, what is 6 - -4?
11
In base 14, what is -2b2 - -134?
-17c
In base 7, what is 132366 - -31?
132430
In base 9, what is -4 - -1852?
1847
In base 5, what is -23402 + 2443?
-20404
In base 2, what is 100110010100 + 1101001?
100111111101
In base 10, what is -1740 + 1233?
-507
In base 14, what is -9 + 1435?
142a
In base 10, what is -1 + 211861?
211860
In base 5, what is -2 + -4333331?
-4333333
In base 12, what is 10b898 - 0?
10b898
In base 4, what is -11 - -10002223?
10002212
In base 6, what is 133 - -11501?
12034
In base 2, what is -111 + 10100001111111110?
10100001111110111
In base 14, what is 165740 - -1?
165741
In base 10, what is -959 + -85?
-1044
In base 9, what is 4 + 100063?
100067
In base 9, what is 117 - 313?
-185
In base 15, what is 306 - 1c0?
136
In base 7, what is 1 - -5003332?
5003333
In base 6, what is -22 - -333?
311
In base 5, what is 324202 + 2?
324204
In base 5, what is -10 - 3104?
-3114
In base 8, what is -1750310 + -1?
-1750311
In base 15, what is -2 + 2613a?
26138
In base 15, what is -45383 + -5?
-45388
In base 15, what is 2 - c023?
-c021
In base 6, what is -504524 + 11?
-504513
In base 16, what is 108d + -85?
1008
In base 13, what is 1200 - 6c?
1161
In base 14, what is -530 - 181?
-6b1
In base 3, what is -1112102 + -1121?
-1121000
In base 3, what is 1220 + 10012?
12002
In base 11, what is 69 + 1230?
1299
In base 6, what is 313 + -33254?
-32541
In base 3, what is 0 + -2022211120?
-2022211120
In base 3, what is 10 + 1122201212212?
1122201212222
In base 3, what is -10 + 1222022102021?
1222022102011
In base 10, what is 1062 - 69?
993
In base 9, what is 5 - -528?
534
In base 15, what is c8869 - 2?
c8867
In base 7, what is -4 - 45643?
-45650
In base 8, what is -1550564 - -3?
-1550561
In base 11, what is 1a84a9 - 4?
1a84a5
In base 11, what is -1663 - 36?
-1699
In base 16, what is 1c - 2fe?
-2e2
In base 12, what is 924 - 18?
908
In base 3, what is -22010112 - -22000?
-21211112
In base 3, what is -2020 - -122022?
120002
In base 2, what is -1 + 1000001011000110?
1000001011000101
In base 6, what is 14 - -1153223?
1153241
In base 6, what is -5 + -424453?
-424502
In base 6, what is 2500 - -2432?
5332
In base 5, what is -2121 + 31034?
23413
In base 10, what is -204 + 2094?
1890
In base 3, what is 211202121 - -1101?
211210222
In base 4, what is 120232211102 - -10?
120232211112
In base 8, what is 42603 + 50?
42653
In base 7, what is -1022 + -2124?
-3146
In base 7, what is 1462 + -2?
1460
In base 3, what is -200222 - -1020021?
112022
In base 12, what is -49 - -58b?
542
In base 15, what is 17a9 - -3?
17ac
In base 6, what is -13241055 - -3?
-13241052
In base 16, what is -105d - 14?
-1071
In base 7, what is -424 + 151601?
151144
In base 11, what is 2 + -1a338?
-1a336
In base 9, what is -7 + 13122?
13114
In base 10, what is 2069 - -54?
2123
In base 8, what is -2 - -10666?
10664
In base 2, what is 1100101011101111 - 100110?
1100101011001001
In base 7, what is 4 + -4656604?
-4656600
In base 14, what is -3a2 + 6?
-39a
In base 11, what is -5 - -180133?
180129
In base 9, what is 62 - -13581?
13653
In base 16, what is -1a50a + -2?
-1a50c
In base 11, what is 5 + -335438?
-335433
In base 7, what is 4 - -42453?
42460
In base 11, what is 0 + -335a4?
-335a4
In base 13, what is 19 + -4b72?
-4b56
In base 16, what is -fbc3 - -1?
-fbc2
In base 2, what is -1101000000 + -100100?
-1101100100
In base 12, what is 7a - 150?
-92
In base 4, what is 11 + 2223130?
2223201
In base 11, what is 35 - 1729?
-16a4
In base 12, what is -262 + -22?
-284
In base 5, what is -1 + -10401412?
-10401413
In base 13, what is -3 + 155a4?
155a1
In base 16, what is -4c + 280?
234
In base 15, what is -c69c - -2?
-c69a
In base 10, what is 140955 + -19?
140936
In base 3, what is 1020122110 - 1010?
1020121100
In base 3, what is 2011101000111 - 12?
2011101000022
In base 6, what is -31024 + 152?
-30432
In base 9, what is -1 - 38155?
-38156
In base 12, what is -128a - -b1?
-1199
In base 6, what is -13143 - 23?
-13210
In base 6, what is -50220 - -24?
-50152
In base 15, what is -2 - -42058?
42056
In base 12, what is 14222 + -2?
14220
In base 16, what is 1 - -aea65?
aea66
In base 16, what is 1b - ac5?
-aaa
In base 3, what is -2 - 1022020121?
-1022020200
In base 15, what is 359 - -9?
363
In base 6, what is -2332 - -320?
-2012
In base 9, what is 1763 + 11?
1774
In base 6, what is 5 + -300033?
-300024
In base 9, what is 60762 - -1?
60763
In base 14, what is 10885 - 1?
10884
In base 2, what is 111000 + -11101101010100?
-11101100011100
In base 9, what is -42655 - 37?
-42703
In base 9, what is 6 + -257?
-251
In base 9, what is -1134 + 242?
-782
In base 2, what is 100 + 1100101101000000?
1100101101000100
In base 14, what is 205 + -761?
-55a
In base 2, what is -11 - -100100100010000110011?
100100100010000110000
In base 10, what is -6 + -18120?
-18126
In base 4, what is 11 - 12023223?
-12023212
In base 15, what is 2bb + -4b3?
-1e7
In base 3, what is -12 + -1211100111?
-1211100200
In base 13, what is -caa9a + 5?
-caa95
In base 9, what is 0 + -13660?
-13660
In base 2, what is -100 + -11110100011011?
-11110100011111
In base 7, what is -4655 + 1505?
-3150
In base